{"id":1562,"date":"2022-03-13T16:19:09","date_gmt":"2022-03-13T15:19:09","guid":{"rendered":"https:\/\/sendeplan.schwarze-welle.com\/?post_type=members&#038;p=1562"},"modified":"2022-07-03T19:28:55","modified_gmt":"2022-07-03T17:28:55","slug":"pixie","status":"publish","type":"members","link":"https:\/\/schwarze-welle.com\/?members=pixie","title":{"rendered":"Pixie"},"content":{"rendered":"<p style=\"text-align: center;\">Schon als Teenager machte ich die Erfahrung, dass ich mich bez\u00fcglich der musikalischen Ausrichtung nicht festlegen kann und mag.<\/p>\n<p style=\"text-align: center;\">Ich h\u00f6rte Janis Joplin, Black Sabbath, Santana, Joan Baez, Bob Dylan, Jethro Tull, Pink Floyd &#8230;<br \/>\nSeitdem habe ich unz\u00e4hlige Konzerte besucht, unfassbar viel gro\u00dfartige Musik geh\u00f6rt.<br \/>\n\u201eMeine Schublade ist keine Schublade\u201c!<br \/>\nMich interessiert nicht, welchem Genre ein Titel oder eine Band zuzuordnen ist.<br \/>\nF\u00fcr mich z\u00e4hlt einzig die Frage: \u201eBer\u00fchrt mich die Musik; packt sie mich mit Haut und Haar?\u201c<br \/>\nDAS ist mein Garten der \u201eDARK FLOWERS\u201c.<\/p>\n","protected":false},"featured_media":1549,"menu_order":8,"template":"","meta":{"_acf_changed":false,"ngg_post_thumbnail":0,"footnotes":""},"class_list":["post-1562","members","type-members","status-publish","has-post-thumbnail","hentry","membertype-moderator","membertype-promotion"],"acf":[],"jetpack_sharing_enabled":true,"_links":{"self":[{"href":"https:\/\/schwarze-welle.com\/index.php?rest_route=\/wp\/v2\/members\/1562","targetHints":{"allow":["GET"]}}],"collection":[{"href":"https:\/\/schwarze-welle.com\/index.php?rest_route=\/wp\/v2\/members"}],"about":[{"href":"https:\/\/schwarze-welle.com\/index.php?rest_route=\/wp\/v2\/types\/members"}],"version-history":[{"count":0,"href":"https:\/\/schwarze-welle.com\/index.php?rest_route=\/wp\/v2\/members\/1562\/revisions"}],"wp:featuredmedia":[{"embeddable":true,"href":"https:\/\/schwarze-welle.com\/index.php?rest_route=\/wp\/v2\/media\/1549"}],"wp:attachment":[{"href":"https:\/\/schwarze-welle.com\/index.php?rest_route=%2Fwp%2Fv2%2Fmedia&parent=1562"}],"curies":[{"name":"wp","href":"https:\/\/api.w.org\/{rel}","templated":true}]}}

<p style="text-align: center;">Schon als Teenager machte ich die Erfahrung, dass ich mich bezüglich der musikalischen Ausrichtung nicht festlegen kann und mag.</p>
<p style="text-align: center;">Ich hörte Janis Joplin, Black Sabbath, Santana, Joan Baez, Bob Dylan, Jethro Tull, Pink Floyd &#8230;<br />
Seitdem habe ich unzählige Konzerte besucht, unfassbar viel großartige Musik gehört.<br />
„Meine Schublade ist keine Schublade“!<br />
Mich interessiert nicht, welchem Genre ein Titel oder eine Band zuzuordnen ist.<br />
Für mich zählt einzig die Frage: „Berührt mich die Musik; packt sie mich mit Haut und Haar?“<br />
DAS ist mein Garten der „DARK FLOWERS“.</p>
